{"id":66,"date":"2020-09-08T13:54:55","date_gmt":"2020-09-08T11:54:55","guid":{"rendered":"http:\/\/alltonal.de\/?page_id=66"},"modified":"2023-10-09T10:21:32","modified_gmt":"2023-10-09T08:21:32","slug":"ueber-uns","status":"publish","type":"page","link":"https:\/\/alltonal.de\/?page_id=66","title":{"rendered":"\u00dcber uns"},"content":{"rendered":"\n<figure class=\"wp-block-image size-large is-resized\"><img decoding=\"async\" src=\"https:\/\/alltonal.de\/wp-content\/uploads\/2023\/10\/Bild-edited-1.jpeg\" alt=\"\" class=\"wp-image-403\" width=\"694\" srcset=\"https:\/\/alltonal.de\/wp-content\/uploads\/2023\/10\/Bild-edited-1.jpeg 2414w, https:\/\/alltonal.de\/wp-content\/uploads\/2023\/10\/Bild-edited-1-300x188.jpeg 300w, https:\/\/alltonal.de\/wp-content\/uploads\/2023\/10\/Bild-edited-1-1024x640.jpeg 1024w, https:\/\/alltonal.de\/wp-content\/uploads\/2023\/10\/Bild-edited-1-768x480.jpeg 768w, https:\/\/alltonal.de\/wp-content\/uploads\/2023\/10\/Bild-edited-1-1536x960.jpeg 1536w, https:\/\/alltonal.de\/wp-content\/uploads\/2023\/10\/Bild-edited-1-2048x1280.jpeg 2048w\" sizes=\"(max-width: 2414px) 100vw, 2414px\" \/><figcaption class=\"wp-element-caption\">v.l.n.r. Annette Fredrich, Matthias Glatzer, Till Kahle, Anne Ploen, <br>Annette Hasselmann, Christina Graeler, Olivier Brehon, Matthias Nohme<\/figcaption><\/figure>\n\n\n<p>Im M\u00e4rz 2016 kamen wir -f\u00fcnf erfahrene Laien-S\u00e4ngerinnen und -S\u00e4nger \u2013 zusammen, um ein kleines aber feines Ensemble zu gr\u00fcnden. Uns reizte einerseits die Chance, teilweise fast solistisch im Ensemble zu singen und andererseits die Herausforderung, einen harmonischen Ensembleklang zu entwickeln.<\/p>\n<p>Schnell waren wir uns darin einig, dass wir Vokalmusik ohne Festlegung auf spezielle Genres erarbeiten und auf die B\u00fchne bringen wollten. Gemeinsam entwickeln wir unsere Konzertprogramme, in die die Erfahrungen und W\u00fcnsche aller Ensemblemitglieder gleichberechtigt einflie\u00dfen.<br \/>Unser Ensemble ist mit seinen sieben S\u00e4ngerinnen und S\u00e4ngern inzwischen fast vollst\u00e4ndig. Gerne nehmen wir noch einen hohen Sopran, einen tiefen Alt und einen hohen Tenor in unsere Reihen auf. Alle Ensemblemitglieder verf\u00fcgen \u00fcber langj\u00e4hrige Chorerfahrung und viele nehmen Gesangsunterricht. Die musikalische Leitung hat seit der Gr\u00fcndung Hildegard Seiler-Liebnau \u00fcbernommen.<br \/>Jedes Konzert folgt einem Thema, zu dem wir die Werke verschiedener Musikepochen \u2013 von Jannequin bis Pepping, vom Madrigal bis zum Jazz &#8211; ausw\u00e4hlen.<br \/>Seit 2017 haben wir bereits neun Konzerte innerhalb und au\u00dferhalb Hamburgs gestaltet. Meistens finden unsere Konzerte in Kooperation mit Kirchengemeinden statt.<\/p>\n<p>Wir proben regelm\u00e4\u00dfig dienstags \u2013 mal mit musikalischer Leitung, mal in Eigenregie. Die Noten werden von allen eigenst\u00e4ndig erarbeitet, damit wir uns in den Proben der musikalischen Gestaltung widmen k\u00f6nnen. Wir singen a capella und mit Klavierbegleitung,\u00a0 mal mit und mal ohne Noten, im gesamten Ensemble oder in kleinerer Besetzung. Auch Duette und Solo-Einlagen sind bei entsprechender Eignung in den Konzerten m\u00f6glich.\u00a0 \u201aGute Stimmung\u2018 ist f\u00fcr uns im doppelten Sinne Grundvoraussetzung f\u00fcr unsere Ensemble-Arbeit: musikalisch und im Miteinander. Bei allem Anspruch steht der Spa\u00df am gemeinsamen Singen im Vordergrund.<\/p>\n\n\n<figure class=\"wp-block-image size-large\"><img loading=\"lazy\" decoding=\"async\" width=\"2560\" height=\"1440\" src=\"https:\/\/alltonal.de\/wp-content\/uploads\/2023\/10\/AllTonal-23-edited-scaled.jpeg\" alt=\"\" class=\"wp-image-405\" srcset=\"https:\/\/alltonal.de\/wp-content\/uploads\/2023\/10\/AllTonal-23-edited-scaled.jpeg 2560w, https:\/\/alltonal.de\/wp-content\/uploads\/2023\/10\/AllTonal-23-edited-300x169.jpeg 300w, https:\/\/alltonal.de\/wp-content\/uploads\/2023\/10\/AllTonal-23-edited-1024x576.jpeg 1024w, https:\/\/alltonal.de\/wp-content\/uploads\/2023\/10\/AllTonal-23-edited-768x432.jpeg 768w, https:\/\/alltonal.de\/wp-content\/uploads\/2023\/10\/AllTonal-23-edited-1536x864.jpeg 1536w, https:\/\/alltonal.de\/wp-content\/uploads\/2023\/10\/AllTonal-23-edited-2048x1152.jpeg 2048w\" sizes=\"(max-width: 2560px) 100vw, 2560px\" \/><\/figure>\n","protected":false},"excerpt":{"rendered":"<p>Im M\u00e4rz 2016 kamen wir -f\u00fcnf erfahrene Laien-S\u00e4ngerinnen und -S\u00e4nger \u2013 zusammen, um ein kleines aber feines Ensemble zu gr\u00fcnden. Uns reizte einerseits die Chance, teilweise fast solistisch im Ensemble zu singen und andererseits die Herausforderung, einen harmonischen Ensembleklang zu entwickeln. Schnell waren wir uns darin einig, dass wir Vokalmusik ohne Festlegung auf spezielle Genres &hellip; <a href=\"https:\/\/alltonal.de\/?page_id=66\" class=\"more-link\"><span class=\"screen-reader-text\">\u00dcber uns<\/span> weiterlesen<\/a><\/p>\n","protected":false},"author":1,"featured_media":0,"parent":0,"menu_order":0,"comment_status":"closed","ping_status":"closed","template":"","meta":{"footnotes":""},"_links":{"self":[{"href":"https:\/\/alltonal.de\/index.php?rest_route=\/wp\/v2\/pages\/66"}],"collection":[{"href":"https:\/\/alltonal.de\/index.php?rest_route=\/wp\/v2\/pages"}],"about":[{"href":"https:\/\/alltonal.de\/index.php?rest_route=\/wp\/v2\/types\/page"}],"author":[{"embeddable":true,"href":"https:\/\/alltonal.de\/index.php?rest_route=\/wp\/v2\/users\/1"}],"replies":[{"embeddable":true,"href":"https:\/\/alltonal.de\/index.php?rest_route=%2Fwp%2Fv2%2Fcomments&post=66"}],"version-history":[{"count":15,"href":"https:\/\/alltonal.de\/index.php?rest_route=\/wp\/v2\/pages\/66\/revisions"}],"predecessor-version":[{"id":407,"href":"https:\/\/alltonal.de\/index.php?rest_route=\/wp\/v2\/pages\/66\/revisions\/407"}],"wp:attachment":[{"href":"https:\/\/alltonal.de\/index.php?rest_route=%2Fwp%2Fv2%2Fmedia&parent=66"}],"curies":[{"name":"wp","href":"https:\/\/api.w.org\/{rel}","templated":true}]}}

Über uns

<figure class="wp-block-image size-large is-resized"><img decoding="async" src="https://alltonal.de/wp-content/uploads/2023/10/Bild-edited-1.jpeg" alt="" class="wp-image-403" width="694" srcset="https://alltonal.de/wp-content/uploads/2023/10/Bild-edited-1.jpeg 2414w, https://alltonal.de/wp-content/uploads/2023/10/Bild-edited-1-300x188.jpeg 300w, https://alltonal.de/wp-content/uploads/2023/10/Bild-edited-1-1024x640.jpeg 1024w, https://alltonal.de/wp-content/uploads/2023/10/Bild-edited-1-768x480.jpeg 768w, https://alltonal.de/wp-content/uploads/2023/10/Bild-edited-1-1536x960.jpeg 1536w, https://alltonal.de/wp-content/uploads/2023/10/Bild-edited-1-2048x1280.jpeg 2048w" sizes="(max-width: 2414px) 100vw, 2414px" /><figcaption class="wp-element-caption">v.l.n.r. Annette Fredrich, Matthias Glatzer, Till Kahle, Anne Ploen, <br>Annette Hasselmann, Christina Graeler, Olivier Brehon, Matthias Nohme</figcaption></figure>


<p>Im März 2016 kamen wir -fünf erfahrene Laien-Sängerinnen und -Sänger – zusammen, um ein kleines aber feines Ensemble zu gründen. Uns reizte einerseits die Chance, teilweise fast solistisch im Ensemble zu singen und andererseits die Herausforderung, einen harmonischen Ensembleklang zu entwickeln.</p>
<p>Schnell waren wir uns darin einig, dass wir Vokalmusik ohne Festlegung auf spezielle Genres erarbeiten und auf die Bühne bringen wollten. Gemeinsam entwickeln wir unsere Konzertprogramme, in die die Erfahrungen und Wünsche aller Ensemblemitglieder gleichberechtigt einfließen.<br />Unser Ensemble ist mit seinen sieben Sängerinnen und Sängern inzwischen fast vollständig. Gerne nehmen wir noch einen hohen Sopran, einen tiefen Alt und einen hohen Tenor in unsere Reihen auf. Alle Ensemblemitglieder verfügen über langjährige Chorerfahrung und viele nehmen Gesangsunterricht. Die musikalische Leitung hat seit der Gründung Hildegard Seiler-Liebnau übernommen.<br />Jedes Konzert folgt einem Thema, zu dem wir die Werke verschiedener Musikepochen – von Jannequin bis Pepping, vom Madrigal bis zum Jazz &#8211; auswählen.<br />Seit 2017 haben wir bereits neun Konzerte innerhalb und außerhalb Hamburgs gestaltet. Meistens finden unsere Konzerte in Kooperation mit Kirchengemeinden statt.</p>
<p>Wir proben regelmäßig dienstags – mal mit musikalischer Leitung, mal in Eigenregie. Die Noten werden von allen eigenständig erarbeitet, damit wir uns in den Proben der musikalischen Gestaltung widmen können. Wir singen a capella und mit Klavierbegleitung,  mal mit und mal ohne Noten, im gesamten Ensemble oder in kleinerer Besetzung. Auch Duette und Solo-Einlagen sind bei entsprechender Eignung in den Konzerten möglich.  ‚Gute Stimmung‘ ist für uns im doppelten Sinne Grundvoraussetzung für unsere Ensemble-Arbeit: musikalisch und im Miteinander. Bei allem Anspruch steht der Spaß am gemeinsamen Singen im Vordergrund.</p>


<figure class="wp-block-image size-large"><img loading="lazy" decoding="async" width="2560" height="1440" src="https://alltonal.de/wp-content/uploads/2023/10/AllTonal-23-edited-scaled.jpeg" alt="" class="wp-image-405" srcset="https://alltonal.de/wp-content/uploads/2023/10/AllTonal-23-edited-scaled.jpeg 2560w, https://alltonal.de/wp-content/uploads/2023/10/AllTonal-23-edited-300x169.jpeg 300w, https://alltonal.de/wp-content/uploads/2023/10/AllTonal-23-edited-1024x576.jpeg 1024w, https://alltonal.de/wp-content/uploads/2023/10/AllTonal-23-edited-768x432.jpeg 768w, https://alltonal.de/wp-content/uploads/2023/10/AllTonal-23-edited-1536x864.jpeg 1536w, https://alltonal.de/wp-content/uploads/2023/10/AllTonal-23-edited-2048x1152.jpeg 2048w" sizes="(max-width: 2560px) 100vw, 2560px" /></figure>

<p>Im März 2016 kamen wir -fünf erfahrene Laien-Sängerinnen und -Sänger – zusammen, um ein kleines aber feines Ensemble zu gründen. Uns reizte einerseits die Chance, teilweise fast solistisch im Ensemble zu singen und andererseits die Herausforderung, einen harmonischen Ensembleklang zu entwickeln. Schnell waren wir uns darin einig, dass wir Vokalmusik ohne Festlegung auf spezielle Genres &hellip; <a href="https://alltonal.de/?page_id=66" class="more-link"><span class="screen-reader-text">Über uns</span> weiterlesen</a></p>
